of 60 and w?
20
Let r(j) = -17*j + 1. Let z be r(3). Let l = 218 + z. Suppose 0*c = -4*q + 3*c + l, -5*q = -3*c - 210. What is the highest common factor of q and 28?
14
Let h = -3 - -6. Suppose -27 - 3 = -h*w. Suppose 3*u - b - 4 = -0*u, w = 4*u + b. What is the highest common factor of 12 and u?
2
Suppose 0 = 3*y + 3 - 165. Let c = 32 - 14. Calculate the greatest common divisor of c and y.
18
Let z = 48 + -28. Suppose -4*k + z = k. Let s(y) = y**3 + 4*y**2 - 6*y - 1. Let v be s(-5). What is the greatest common factor of k and v?
4
Let c be 7 - 2*(-2)/4. Suppose 4 = 4*s, 5*x - 124 = -2*s - 2*s. What is the highest common divisor of c and x?
8
Suppose 2*a = 4*a - 2*j, -2*j = -5*a + 12. Suppose -a*q = -9*q + 250. Let n = q - 15. Calculate the highest common factor of n and 5.
5
Suppose 4*y - 269 = y - q, 364 = 4*y - 4*q. Let r = -3 + -2. Let o = 15 + r. What is the highest common divisor of o and y?
10
Let m(h) = h**2 + 3. Let n be m(0). Suppose n*o = -2*o + 450. What is the greatest common divisor of 10 and o?
10
Let x(g) = -g**3 + 15*g**2 - 26*g + 6. Let j be x(13). Calculate the highest common divisor of j and 48.
6
Let j be ((-7)/(-7))/(1*(-1)/(-16)). Calculate the highest common divisor of 56 and j.
8
Let z = 14 - 1. What is the greatest common factor of 39 and z?
13
Suppose l - 3*l + 2*b = -22, 5*b + 5 = 0. Let p = -6 + 11. Let x be 0 + p*(4 + 1). Calculate the highest common factor of l and x.
5
Let b be -126*(3/(-6))/1. What is the highest common divisor of b and 21?
21
Let u = 19 + 8. What is the highest common factor of 18 and u?
9
Let q(p) = p**3 - 3*p**2 - 4*p + 3. Let l be q(4). Suppose 17 - l = 2*m + 2*n, 0 = 5*n + 20. What is the greatest common divisor of m and 11?
11
Let b = 12 - 1. Calculate the highest common divisor of 44 and b.
11
Let o(r) = -2*r. Let n be o(-1). Let f be n*(-3 - -7) - 0. What is the greatest common divisor of f and 1?
1
Let j(c) = 15*c**3 + 3*c**2 - 2*c - 2. Suppose -2*w - 21 = -2*l - 7, l - 5*w - 27 = 0. Let f be j(l). What is the highest common divisor of f and 14?
14
Let s(p) be the second derivative of -p**3/2 + p**2/2 - 5*p. Let k be s(-5). Let d be -1 - (8 + 1)*-9. Calculate the highest common divisor of k and d.
16
Let q(w) = -w**2 - 4*w - 3. Let r be q(-2). What is the highest common factor of r and 1?
1
Let b(m) = 1 + 0*m + 0*m - 2 + m. Let g be b(3). Let k = 6 - g. Calculate the highest common divisor of 2 and k.
2
Let d = 13 - 6. Let y(t) = 6*t + 6. Let b be y(d). Calculate the greatest common factor of 16 and b.
16
Suppose 0 = -3*s + 4*f + 19 + 25, 52 = 2*s + 3*f. Let d be (1 - 3)*s/(-8). Calculate the greatest common factor of d and 55.
5
Let k be (-120)/(-3)*(-2)/(-1). Let o = 76 - 46. Suppose 2*z + o = 5*z. What is the greatest common factor of z and k?
10
Suppose 24 = 3*d + 4*s, 4*s = 4*d + 15 - 47. Let l = -5 + d. Suppose l*n - 61 = 47. Calculate the highest common divisor of 12 and n.
12
Let o be 28/(((-2)/(-5))/((-28)/(-70))). Let v be 5*3 + (-1 - 0). What is the greatest common divisor of v and o?
14
Let b be 4/(-6) + (-11600)/(-75). Calculate the greatest common factor of b and 22.
22
Suppose -4*n - 8 = 0, 2*l - 5 + 3 = 4*n. Let o be 1/l + 57/9. What is the greatest common factor of o and 66?
6
Let m be (2/(-4) - 3/6) + 14. What is the highest common divisor of 13 and m?
13
Let u(g) be the second derivative of -1/3*g**4 + 0 - 1/2*g**3 + g**2 + 1/20*g**5 + 3*g. Let a be u(5). Calculate the greatest common divisor of 132 and a.
12
Let w be 81 + 6*(-2)/(-4). What is the greatest common divisor of 21 and w?
21
Let x(g) be the third derivative of g**5/15 - g**4/6 - 7*g**3/6 + g**2. Let k be x(-7). Suppose 3*z = k - 52. What is the greatest common factor of 22 and z?
11
Let y(i) = -i**3 + 13*i**2 + 3*i - 16. Let c be y(13). What is the greatest common divisor of 46 and c?
23
Let h = -6 + 8. Suppose -2*n = 3*z - 369, -109 = z - h*z + 4*n. Calculate the greatest common divisor of z and 11.
11
Suppose 9*t = 141 - 33. What is the greatest common factor of 30 and t?
6
Suppose 7*j - 56 = 3*j. What is the highest common factor of j and 14?
14
Suppose -2*u + 12 = 3*k - 1, 5*k - 19 = -2*u. Suppose 4*z = -x - 2*x + 27, -22 = -4*z - u*x. Calculate the greatest common divisor of z and 12.
3
Let y(r) = r + 4. Let l be y(6). Suppose -172 = -2*z + 4*u, 4*u = 8 - 20. What is the highest common divisor of l and z?
10
Let n(l) = -l**2 - 9*l. Let a be (-2 + -1)/((-2)/(-4)). Let u be n(a). Let z be 2 + (-3)/((-6)/104). What is the highest common factor of u and z?
18
Suppose s - 27 = 29. Calculate the greatest common divisor of 8 and s.
8
Suppose k = 3 - 0. Let n be (13 - -2)/(1 - 0). What is the greatest common factor of n and k?
3
Suppose 3*z + 38 = -3*c + 8*c, 3*c - 46 = -4*z. What is the greatest common factor of 15 and c?
5
Let v(t) = t**3 - 5*t**2 - 2. Let y be v(5). Let f(r) = r**2 + r + 2. Let p be f(y). Let z be 124/7 + p/14. What is the greatest common factor of 144 and z?
18
Suppose -3*u + 5*m = 9 - 0, -3*u = -2*m. Suppose -5*v + s = -92, s = u*v - 4*v + 34. Calculate the greatest common factor of 2 and v.
2
Let f(x) = 6*x**2 + 2*x + 6. Let d be f(-3). Calculate the highest common factor of 9 and d.
9
Let v = -1 - -5. Suppose -2*w = -5*p + 17 - 69, -v*w + 3*p = -132. Suppose -45 = -3*u + 117. What is the greatest common factor of w and u?
18
Suppose -17 = 2*p - 13. Let j(g) = -3*g**3 - 3*g - 2. Let x be j(p). Calculate the greatest common factor of 224 and x.
28
Suppose 3*w - 3*r = -12, -w - 4*r + 19 = -2. What is the highest common divisor of w and 1?
1
Let x = -1 - -14. Calculate the greatest common factor of x and 104.
13
Suppose 0 = -t - 2*t. Suppose -r + 4*v - 6 = t, -r + 2*r - 5*v + 8 = 0. What is the highest common factor of r and 2?
2
Suppose 4 = -f + 1. Let n be (-12)/(-9) + (-2)/f. Let t be (0 + -4)*(-4 - -3). Calculate the highest common factor of t and n.
2
Suppose -4*u + 2*w - 51 = -17, 4*u = -4*w - 28. Let z = u + 14. What is the highest common factor of 42 and z?
6
Let s(d) = d**3 + 10*d**2 + 6*d - 7. Let y be s(-9). What is the highest common factor of 8 and y?
4
Let p = 22 - 1. What is the greatest common divisor of p and 14?
7
Suppose a - 50 = -0*a - 5*h, 4*a - 245 = -5*h. Calculate the greatest common factor of a and 26.
13
Suppose 5 + 414 = 4*w + c, -3*w + 4*c = -319. Calculate the greatest common factor of w and 15.
15
Let v = -2 - -4. Let i be 2/(-1) + v + 28. Let n be 3*(-1)/(-6)*i. What is the greatest common divisor of n and 7?
7
Let z(h) = h - 2. Let q be z(-2). Let n be 1 - (-1)/(2/q). Let x = n + 2. What is the highest common factor of 2 and x?
1
Let x be -6 + 62 + 0/(-1). Suppose s + 0*s - x = 0. What is the highest common divisor of s and 7?
7
Let c = -6 - -8. Suppose c*b - 69 = -b. Calculate the greatest common factor of 23 and b.
23
Suppose 4*q = 8*q - 288. Let i(g) = 3*g + 4. Let t be i(-5). Let p = -3 - t. What is the highest common divisor of p and q?
8
Let s be (19/4)/(2/(-8)). Let k be s/2*(0 - 2). Suppose 2*m - 5 = k. Calculate the highest common divisor of 6 and m.
6
Let y = -14 + 15. Let o = -6 - -16. What is the highest common divisor of y and o?
1
Let o(v) = 16*v - 28. Let i be o(2). What is the greatest common factor of 64 and i?
4
Let k = 9 - 4. Suppose 0 = -k*h + 3*h + 320. Suppose -2*a + 20 = -a. Calculate the highest common factor of a and h.
20
Let p be (7/28)/(2/136). Calculate the greatest common factor of 136 and p.
17
Let m = 30 + -15. Let u(g) = 12*g**2 + g + 5. Let j be u(-5). Suppose j = 5*t + 5*i, 0*i - i + 240 = 4*t. What is the highest common factor of t and m?
15
Let z(g) = -10*g - 18. Let s be z(-3). Suppose 19 = 2*w + 5*b, -34 = -3*w - 0*b - 2*b. What is the highest common divisor of s and w?
12
Let x(l) = -l**3 + 6*l**2 - 4*l. Let m be x(5). Suppose m*s - 30 = 40. Calculate the greatest common divisor of 56 and s.
14
Let l = 3 - 4. Let i be (-1)/(l/(-77)*-1). Suppose 4*z = 2*r + 3*r + 43, -5*z = -3*r - 44. What is the greatest common divisor of i and z?
7
Suppose -i - 2*x - 17 = 0, 0 = -3*i - x - 25 - 6. Let a be 3/(3 + 24/i). Suppose -2*g - 198 = -4*g. What is the greatest common divisor of g and a?
9
Let z = 9 + 3. Suppose 5*p - 3*u - 537 = -2*u, 2*p - 2*u = 210. Calculate the highest common divisor of z and p.
12
Let c(x) = 3*x. Let